
Is 82754532983 composite?
False
Is 4476662305 a composite number?
True
Is 1270883543 a prime number?
True
Is 45836657017 a composite number?
False
Is 58812929701 composite?
True
Is 30758644079 a prime number?
True
Is 5969311519 prime?
True
Is 303281179 a composite number?
True
Is 12861725831 prime?
True
Is 967011313 prime?
True
Is 28395869 a prime number?
False
Is 2482832615 prime?
False
Is 12609558319 prime?
False
Is 43849263401 a composite number?
False
Is 215105719 prime?
False
Is 1291664399 a composite number?
False
Is 62741994977 a prime number?
True
Is 11493044203 a composite number?
False
Is 8884703363 a composite number?
False
Is 17686500659 prime?
True
Is 2719786871 prime?
False
Is 4257949351 composite?
True
Is 51072339887 a composite number?
False
Is 7884600539 a composite number?
False
Is 1187581819 composite?
False
Is 1523940051 composite?
True
Is 82820197 prime?
True
Is 34220071 a prime number?
True
Is 1234025701 prime?
True
Is 1228692733 composite?
True
Is 1865977481 a composite number?
True
Is 16759863203 composite?
False
Is 580701554 a prime number?
False
Is 581268889 composite?
True
Is 1112597389 composite?
False
Is 23612535523 a prime number?
True
Is 2161999547 composite?
False
Is 5156475253 a composite number?
False
Is 742011967 composite?
False
Is 130241736347 composite?
True
Is 42177810043 a prime number?
False
Is 600656873 prime?
True
Is 9754152299 a composite number?
False
Is 5211059569 prime?
True
Is 970596733 prime?
False
Is 77865617329 composite?
True
Is 5980481701 a composite number?
False
Is 34699040219 composite?
True
Is 1128793543 composite?
False
Is 15238350691 a prime number?
True
Is 2890176227 a prime number?
False
Is 322847521 a prime number?
False
Is 9213063721 prime?
True
Is 2342640959 prime?
False
Is 81140701 a prime number?
True
Is 47195083387 prime?
True
Is 348513361 prime?
False
Is 742766917 prime?
False
Is 451355837 prime?
True
Is 27527153 prime?
True
Is 24068065481 a composite number?
False
Is 20432394897 prime?
False
Is 29868007901 a prime number?
True
Is 7850189957 composite?
False
Is 4095093391 composite?
True
Is 842205271 a composite number?
False
Is 17214863689 a composite number?
False
Is 3693409453 a composite number?
True
Is 4450372187 a prime number?
True
Is 3521585807 a prime number?
False
Is 135374467 a composite number?
False
Is 96296731 prime?
False
Is 3263600401 a composite number?
True
Is 1986007757 prime?
True
Is 41325987907 a composite number?
True
Is 31999212221 a prime number?
True
Is 5318284501 a composite number?
False
Is 13529741943 prime?
False
Is 1016274319 prime?
True
Is 227883503 a prime number?
True
Is 39781257533 a composite number?
True
Is 6113560097 prime?
False
Is 133579106369 composite?
False
Is 57901274257 a prime number?
True
Is 914385295 a composite number?
True
Is 3382542731 composite?
False
Is 34994863 composite?
False
Is 3217025347 prime?
False
Is 662341091 composite?
True
Is 2019541133 a composite number?
False
Is 3214597889 a prime number?
True
Is 207508591 a prime number?
True
Is 3745079717 a composite number?
True
Is 12513516461 prime?
True
Is 17181821221 a prime number?
False
Is 11967356957 prime?
True
Is 7984520121 composite?
True
Is 13098886799 a composite number?
True
Is 23184724789 prime?
True
Is 2789194211 prime?
True
Is 20401601497 a prime number?
False
Is 12296301389 a prime number?
False
Is 2518480435 prime?
False
Is 11560161763 a prime number?
True
Is 1092383371 a prime number?
False
Is 1950920017 a composite number?
True
Is 9972900115 a composite number?
True
Is 2748238943 prime?
False
Is 35549215847 prime?
False
Is 304966565 a prime number?
False
Is 70147793 a prime number?
False
Is 2442119651 a prime number?
True
Is 29169392621 composite?
False
Is 216551093 a prime number?
False
Is 1406721391 prime?
True
Is 117368063419 prime?
True
Is 21215118979 a prime number?
False
Is 129837721181 a prime number?
False
Is 106887707 prime?
False
Is 1292965357 a prime number?
True
Is 215159723 composite?
False
Is 1813711541 prime?
True
Is 696651113 a prime number?
False
Is 650522531 prime?
True
Is 252135241 prime?
True
Is 30580853977 a composite number?
False
Is 7015379509 a prime number?
True
Is 305990057 composite?
True
Is 7842592237 prime?
True
Is 2125505101 a composite number?
False
Is 11913309043 prime?
False
Is 1631489977 prime?
False
Is 709883957 composite?
False
Is 8100058261 a prime number?
False
Is 93724098647 prime?
True
Is 3993887399 a composite number?
True
Is 11466911497 composite?
True
Is 605318041 composite?
False
Is 40224751031 a prime number?
True
Is 416114509 composite?
True
Is 4537165433 a prime number?
True
Is 649657787 prime?
False
Is 11196171813 a composite number?
True
Is 171264498959 a prime number?
True
Is 612273041 prime?
False
Is 46551988409 composite?
False
Is 9861326261 composite?
False
Is 485392927 composite?
False
Is 123118661209 a prime number?
True
Is 262579519 composite?
True
Is 2408722567 a composite number?
False
Is 101856436493 a prime number?
False
Is 3795049261 a composite number?
False
Is 7201810615 prime?
False
Is 85106952449 composite?
True
Is 130673209 a prime number?
False
Is 8212348897 composite?
True
Is 64450506691 prime?
True
Is 37546193023 a composite number?
False
Is 805489253 composite?
False
Is 765244505 a prime number?
False
Is 210712883 composite?
True
Is 2942358353 composite?
True
Is 768467527 prime?
False
Is 17844202751 composite?
False
Is 2541769597 composite?
False
Is 2091202189 prime?
True
Is 92993957647 prime?
False
Is 7031689382 a composite number?
True
Is 929017891 a composite number?
True
Is 45198541 composite?
False
Is 1523609414 a composite number?
True
Is 1328025821 prime?
True
Is 18477249137 prime?
False
Is 9542786129 composite?
False
Is 59290752121 prime?
True
Is 76904387402 a composite number?
True
Is 713967511 a composite number?
True
Is 7952547887 a prime number?
True
Is 5013653683 composite?
False
Is 26175551681 a prime number?
False
Is 372858264143 prime?
True
Is 3503244697 a composite number?
False
Is 382892501 composite?
True
Is 8676369073 a prime number?
False
Is 1035568279 a composite number?
True
Is 16440851683 composite?
False
Is 291932749 composite?
False
Is 1210306561 prime?
False
Is 8940714091 a composite number?
True
Is 349103439851 prime?
False
Is 3466449717 composite?
True
Is 63155640533 a composite number?
False
Is 81370744463 a composite number?
True
Is 185534026141 a composite number?
True
Is 588273551 prime?
False
Is 3726157601 composite?
False
Is 3265066757 a prime number?
True
Is 78226573 prime?
True
Is 916056499 a composite number?
False
Is 7003370237 prime?
True
Is 1814786681 a prime number?
False
Is 409230024233 composite?
False
Is 29176836243 a prime number?
False
Is 2845021651 composite?
False
Is 14914013903 a composite number?
False
Is 15183633653 a prime number?
False
Is 8149103167 a prime number?
True
Is 2007132989 composite?
False
Is 244947499 a prime number?
False
Is 193611729082 prime?
False
Is 10854245587 prime?
False
Is 32072008777 prime?
False
Is 4976731913 prime?
True
Is 11744587399 a prime number?
False
Is 79578313 a composite number?
True
Is 2234836993 a composite number?
False
Is 11943600727 a composite number?
False
Is 536344433 a prime number?
False
Is 3210193033 a composite number?
False
Is 1376037131 prime?
False
Is 5093717819 a composite number?
False
Is 95766103203 a prime number?
False
Is 1474886821 composite?
False
Is 9089740769 a composite number?
False
Is 2320328627 a composite number?
True
Is 11879214343 a composite number?
False
Is 33712042669 a prime number?
True
Is 461432801 a composite number?
False
Is 33878991947 composite?
True
Is 7207128827 a composite number?
False
Is 461724017 prime?
True
Is 452551369 a composite number?
True
Is 4304725211 a prime number?
False
Is 82941825221 prime?
False
Is 274399561 prime?
True
Is 31301134273 a composite number?
False
Is 13546665217 prime?
True
Is 89690879455 a composite number?
True
Is 1090446713 composite?
False
Is 22544351 composite?
False
Is 16093220023 composite?
False
Is 192971988193 prime?
False
Is 215365329757 a prime number?
True
Is 3320102399 a prime number?
True
Is 13578219829 a prime number?
False
Is 24017630663 a prime number?
False
Is 1762960259 a composite number?
False
Is 93347926